- 3. Let b(y) = -4*y**3 + y**2 - 4*y - 2. Let p(u) = -6*b(u) + 5*q(u). Let j be (-4)/(-6) - (-4)/3. Calculate p(j).
-7
Let c(f) = 2*f + 0*f + 6 - 1 - 2. Calculate c(-4).
-5
Let n(x) be the first derivative of x**3/3 - x**2 - 12. Calculate n(2).
0
Let i(y) = -y**3 + 4*y**2 + 13*y - 4. Let g be i(6). Let h(k) be the first derivative of -1/2*k**g + 1 - 6*k. Determine h(-5).
-1
Let o(l) = -l**2 + 3*l - 2. Let r(i) = i - 1. Suppose 18 = 2*x - 4*j, 2*j + 11 = 3*x - 0. Let f(k) = x*o(k) - 4*r(k). What is f(2)?
-4
Let y(x) = -2 - 2*x + 2*x - x + 2*x. Let t be 5/(-2)*4/(-5). Suppose -l - 7*o + t*o - 5 = 0, -3 = 3*o. What is y(l)?
-2
Let g(u) = u**2 + u - 1. Suppose -5 = 2*v - q + 4*q, -3*q = -v + 2. Suppose -2*h + 7*h = 5. Let m = v + h. Give g(m).
-1
Let r(h) = -h**2 + h. Let b(p) = p**3 + 10*p**2 - 1. Suppose 2*l + 0 = -8. Let d(u) = l*r(u) - b(u). What is d(-4)?
-15
Let x = -1 + 2. Suppose -7 + 27 = 5*k. Let i(s) = -1 - 3*s + 3*s - k*s**2 + s. What is i(x)?
-4
Let r(o) be the third derivative of o**6/120 - o**5/60 - o**4/24 - 3*o**3/2 - 17*o**2. Let i(b) = -b. Let h be i(0). Determine r(h).
-9
Let c(t) = 3*t**2 - 5*t. Let u = -11 + 12. Let l(s) = s**2 - s. Let a(f) = u*c(f) - 2*l(f). What is a(3)?
0
Let z(u) be the second derivative of u**4/12 - u**3 - u**2/2 - u. Suppose -w = -2*w + 8. Suppose 0 = 4*v - c - 19, -2*v - 4*c + w*c + 6 = 0. What is z(v)?
-6
Let y be (-1)/(-2) - 15/(-2). Suppose 0 = 5*x + y + 17. Let m(v) = -3*v**2 - 8*v - 1. Let q(c) = -7*c**2 - 17*c - 3. Let s(f) = -5*m(f) + 2*q(f). What is s(x)?
-6
Suppose b = 2*b + 7. Let n(r) = r + 9. Let c be n(b). Let g(u) = -u**3 + 2*u**2 - 2*u - 1. What is g(c)?
-5
Let m(l) = 7*l. Suppose 10*n - 11*n = 1. Calculate m(n).
-7
Let y(j) = -j**2 + 9*j + 4. Let d be y(10). Let g(u) = -u**2 - 7*u - 6. Calculate g(d).
0
Let f(x) = -x**2 + 29*x - 14 - 74*x + 33*x. Determine f(-10).
6
Let g = 15 + -18. Let f(i) = -11*i - 4. Let n(q) = 6*q + 2. Let w(b) = -3*f(b) - 5*n(b). Calculate w(g).
-7
Let n(b) be the second derivative of b**5/10 - b**3/6 - 2*b. Calculate n(2).
14
Let k(b) be the first derivative of b**5/20 + 7*b**4/12 + b - 5. Let s(y) be the first derivative of k(y). Calculate s(-7).
0
Let l be (-3)/((21/5)/(-7)). Let s(i) = -2*i + 1. Let h(y) = y. Let k(u) = 5*h(u) + 3*s(u). Determine k(l).
-2
Suppose -l - 10 = 3*d - 6*d, 5*d + 4*l - 28 = 0. Let x(z) = 5*z**2 + z**3 + 1 + d*z + 1 + 0*z**3. Give x(-3).
8
Let v(c) be the second derivative of -c**3/2 - 2*c**2 - 6*c. Determine v(3).
-13
Let j(r) = -r + 7. Let w(a) = -a**2 - 18*a - 1. Let i be w(-17). Suppose -3*b + 6 - 21 = -3*o, 4*b + 65 = -5*o. Let m = b + i. Give j(m).
1
Let o(b) = b**2. Suppose 0 = -3*y - 0*y - 6. Determine o(y).
4
Let c(q) be the first derivative of q + 1/3*q**3 - 8 + 0*q**2. Give c(-2).
5
Let n(g) = -5*g - 1. Let d(z) = 1. Let u(r) = 3*d(r) - n(r). Give u(3).
19
Let z = 7 - 12. Let t(o) = o. Let d(p) = -2*p**2 - 2*p. Let l be d(-2). Let h(y) = 5*y - 7. Let f(c) = l*t(c) + h(c). Determine f(z).
-12
Let z(v) = 2*v**3. Let s be z(1). Let g(m) = -5 + m**2 + 2*m + s + 4. What is g(-3)?
4
Suppose 0 = -5*f + 5*m + 25, -m - 9 = -5*f - 0*m. Let v be 1/(-2)*f*-2. Let b(w) = 1 - w - 5 + v. Determine b(0).
-3
Let v = 3 - 2. Let j(t) = -t**2 - t + 1. Let b(c) = -c**3 - 2*c**2 - 3*c + 2. Let u(f) = b(f) - 3*j(f). What is u(v)?
-1
Let c = -19 - -3. Let b be 15/10*c/(-6). Let p(d) be the third derivative of -d**5/60 + d**4/6 + 5*d**3/6 + d**2. Calculate p(b).
5
Let g be (-1)/(-1 + -1 + 3). Let u(l) be the second derivative of 7*l**5/20 + 9*l. Give u(g).
-7
Suppose 32*u + 4 = 28*u. Let q(z) = -13*z**3 - z**2 - 3*z**3 + 6*z**3. What is q(u)?
9
Let y(c) = -3*c**2 - 3*c + 3. Let k be (-4)/(-16)*4*2. Calculate y(k).
-15
Let g(j) be the first derivative of -4*j + 0*j**2 + 6 + 1/3*j**3. What is g(-3)?
5
Let q = 16 + -15. Suppose 2*m + 2*w - 3*w = q, 0 = 5*m - w - 7. Let o(g) = -4*g - 2. What is o(m)?
-10
Let k = 152 + -148. Let q(r) = r**2 - 3*r - 5. Determine q(k).
-1
Suppose 3*c - 6 = -c + 2*l, -3*c = -4*l - 2. Suppose c*y - 4*y - j = -10, y + j - 4 = 0. Let f(a) = -3*a**2 + a**3 + 2*a**2 + 7*a + 6*a**2 + y. Give f(-4).
-6
Suppose 4*w = 2*i + 2, -4*w - 6*i + 3*i = 3. Let m be 3/(w - 3)*-5. Let v(n) = -n**2 + 3*n + 7. Calculate v(m).
-3
Let h(u) = -3*u - 9. Let d(b) = -b - 7. Let x(l) = 2*l + 15. Let g(k) = -7*d(k) - 3*x(k). Let q(p) = -15*g(p) - 6*h(p). What is q(5)?
9
Let f = -19 - -26. Let n(c) = 4*c - 6. What is n(f)?
22
Let a(q) be the third derivative of -q**4/24 + 2*q**3/3 + 10*q**2. Calculate a(4).
0
Let r(h) = -3*h + 1. Let t(v) = -3*v - 4. Let i(w) = -w - 1. Let b(q) = 4*i(q) - t(q). Let j(l) = 3*b(l) + r(l). Determine j(1).
-5
Let t(m) = 5*m**2 - 4*m - 1. Let r(s) = -s**3 + 9*s**2 - 7*s - 2. Let p(h) = -3*r(h) + 5*t(h). What is p(2)?
19
Let z(g) = -9*g**2 - 10*g - 13. Let q(n) = 4*n**2 + 5*n + 6. Let a(v) = 7*q(v) + 3*z(v). Determine a(-5).
3
Let a(i) be the first derivative of -i**3/3 - 3*i**2 - 8*i - 14. Determine a(-6).
-8
Suppose w = 5, 3*k - 5*k + 2*w = 6. Let s(b) be the first derivative of 3*b**2/2 - b + 2. Calculate s(k).
5
Let o(i) be the first derivative of -i**3/3 - i**2/2 + 33. Suppose -q - 26 = -4*q - 5*m, 0 = -4*m + 16. Calculate o(q).
-6
Let t(b) = b**3 + 6*b**2 + b + 6. Let r be t(-6). Let u(z) = z + 4 + 0*z - 2*z. Let p be u(r). Let j(m) = m**3 - 5*m**2 + 3*m + 4. Calculate j(p).
0
Let y(u) = u**2 + 4*u - 5. Let i(d) = -d**2 - 5*d + 6. Let f(r) = 2*i(r) + 3*y(r). Calculate f(-3).
0
Let k(g) = -g**2 + 3*g + 7. Let r(i) be the first derivative of -2*i**3/3 + 7*i**2/2 + 15*i + 1. Let v(l) = 13*k(l) - 6*r(l). Calculate v(-3).
1
Let t(y) = 8*y**3 + 192 + 2*y**3 - 193. Suppose -3*c + n + 19 = -n, -2*c - n + 1 = 0. Let s be 1/c + 2/3. Calculate t(s).
9
Let g be 32/24 - (-1)/(-3). Let d(v) = -7*v**2. Determine d(g).
-7
Suppose -q - 36 = -3*q. Suppose -l + q = l. Let i(m) = 0 + 12*m**2 + l*m + 1 - 7*m. Give i(-1).
11
Let n(a) = 16*a**2 - 15*a + 9. Let m(l) = 5*l**2 - 5*l + 3. Let q(i) = -7*m(i) + 2*n(i). Give q(3).
-15
Let x be -5*(1 + -1 + -2). Let z = x + -7. Suppose -z*c = -2*t - 10, -3*t + 3 = c - 4*t. Let l(b) = -b**2 + 5*b - 1. Calculate l(c).
3
Let i(v) = -45*v**2 + 49*v**2 + 0 - v**3 - 3 - 4*v + 5*v. Calculate i(3).
9
Suppose -3 = 2*f + f. Let o(w) = 9*w**2 + 0*w**2 - w**2 - 1. Give o(f).
7
Suppose 2*i - 9 + 1 = 0. Suppose -4*v = -2*s + 76, -s + v + 25 = -10. Let w(x) = -s + 10*x + 26 - 4*x**2 - 3*x + 3*x**2. Determine w(i).
6
Let q(a) = -a**3 + 6*a**2 - a + 2. Let u be q(6). Let t be (-2)/u*(5 + -3). Let w(p) = -t + 0*p + 0 - p - p. Determine w(2).
-5
Let s(u) = 4 - 2*u - 2*u - 4. What is s(4)?
-16
Suppose 3*q + 5*x - 31 = -q, 3*q - 4*x = 0. Suppose q*y + 17 = 5. Let j(h) = -h**2 - h - 4. Calculate j(y).
-10
Let a(f) = f**3 - f**2. Let b(k) = 2*k**3 - 6*k**2 + 3*k - 2. Let v = 1 - 0. Let c(u) = v*a(u) - b(u). Suppose 4*m - m = 12. Calculate c(m).
6
Let m(k) = -k + 3. Let p be m(0). Let y(t) = 4 + 3*t - 7*t - t**p - 2 + 4*t**2. Calculate y(2).
2
Let r(f) = 3*f - 1. Suppose 4*a = 6*a - 32. Suppose -2*l - 4 + a = 5*z, -2*l + z = 0. Give r(l).
2
Let b(d) = -9*d**2 + 11*d**2 + d**3 - 8 - 10*d**2 - 8*d. Let r = -1 - -10. Let f be b(r). Let v(w) = 7*w**3 - w + 1. What is v(f)?
7
Let m(u) = u + 4. Suppose 18*w - 13*w = 30. Let a(q) = 2*q + 8. Let n(z) = w*a(z) - 13*m(z). What is n(-4)?
0
Let q(j) = -7*j**3 + 2*j**2 - 1. Let i be q(-1). Let p(a) = -2*a + 8. What is p(i)?
-8
Let z(w) = 4*w + 4 - 11*w - 1 + 6*w**2 - w**3 - 2. Determine z(5).
-9
Let o(r) = r**2 + 7*r + 2. Suppose 2 + 16 = -3*m. Let z be o(m). Let l(s) = -s + 1. What is l(z)?
5
Let a(r) = -13*r + 16. Let t(p) = -3*p + 4. Let q(u) = -2*u - 2. Let h be q(-2). Let l(g) = h*a(g) - 9*t(g). Let o be (-2)/(-8) - 30/(-8). Calculate l(o).
0
Let o = 1 - 7. Let q(t) be the first derivative of -6 - 5/2*t**2 - 1/3*t**3 + 6*t. Calculate q(o).
0
Let q(k) = k - 11. Let b be 8/12*3 - 2. Determine q(b).
-11
Suppose 0 = 5*j + 2*j. Let q(s) = s - 4. Calculate q(j).
-4
Let i = -5 - -7. Let a(d) = 4*d + i + 0 - 2. Calculate a(4).
16
Let y(k) = -k**2 + k + 5. Let b be (-6)/(-9) + (-2)/3. Suppose 0 = -s - b*s. Determine y(s).
5
Suppose -t - 3*t + 8 = 0. Let f(m) = m**2 - 2*m + 2. Determine f(t).
2
Suppose 4*v = -4*m + 24 - 4, 5*m = -v + 5. Let r(y) = -2 + 0*y**2 + 2*y**2 + 7*y - 3*y**2.